{"id":42,"date":"2011-02-13T12:14:14","date_gmt":"2011-02-13T12:14:14","guid":{"rendered":"http:\/\/munter.nu?page_id=42"},"modified":"2024-09-24T16:55:42","modified_gmt":"2024-09-24T14:55:42","slug":"angslupen-munter-ab","status":"publish","type":"page","link":"https:\/\/munter.nu\/?page_id=42","title":{"rendered":"\u00c5ngslupen Munter AB"},"content":{"rendered":"<p><strong>\u00c5ngslupen Munter AB.<br \/>\n<\/strong>Vid extra \u00e5rsm\u00f6tet i \u00c5ngslupen Munters V\u00e4nner den 7 februari 2010 beslutades enh\u00e4lligt att bilda \u00c5ngslupen Munter AB. I samband med bildandet av aktiebolaget besl\u00f6ts att tillskjuta ett belopp p\u00e5 500 000 kr i form av apportemission (b\u00e5tens v\u00e4rde) till det nybildade bolaget, 500 aktier om nominellt v\u00e4rde 1.000 kr\/st<\/p>\n<p><strong>Nyemission<\/strong><br \/>\nN\u00e4r \u00c5ngslupen Munter AB formellt bildats togs ett beslut om att g\u00f6ra en nyemission. Nyemissionen var p\u00e5 ytterligare 500 aktier om nominellt v\u00e4rde 1.000 kr\/st.<br \/>\nDe f\u00f6rsta 10 aktierna i emissionen k\u00f6ptes av \u00c5ngslupen Munters V\u00e4nner f\u00f6r att s\u00e4kerst\u00e4lla att f\u00f6reningen har aktiemajoritet (51 %) i det nybildade bolaget.<\/p>\n<p><strong>Styrelse<\/strong><br \/>\nStyrelsen i \u00c5ngslupen Munter AB \u00e4r densamma som i \u00c5nglsupen Munters V\u00e4nner.<br \/>\nDet \u00e4r aktiebolaget som nu \u00e4ger, renoverat och gjort b\u00e5ten sj\u00f6duglig f\u00f6r trafik.<br \/>\nDet \u00e4r \u00c5nglsupen Munters V\u00e4nner som driver trafikverksamheten.<\/p>\n<p><strong>Aktieteckning till st\u00f6d f\u00f6r bygden<\/strong><br \/>\nSedan f\u00f6reningen k\u00f6pt tio aktier erbj\u00f6ds medlemmarna i f\u00f6reningen \u00c5ngslupen Munters V\u00e4nner att med f\u00f6rtur teckna aktier i \u00c5ngslupen Munter AB till den 21 februari 2010. Efter detta datum erbj\u00f6ds \u00e4ven allm\u00e4nheten att teckna aktier i f\u00f6retaget.<\/p>\n<p><strong>Alla 500 aktier \u00e4r s\u00e5lda per 1 juli 2012<\/strong><br \/>\nEftersom detta projekt \u00e4r viktigt som ett framtida nav f\u00f6r b\u00e5de service- och turistsatsningar i bygden, v\u00e4djade styrelsen och det extra \u00e5rsm\u00f6tet alla intresserade, att teckna aktier i \u00c5ngslupen Munter AB.<br \/>\nVarje aktie kostade\u00a0 1.000 kr och m\u00e5ls\u00e4ttningen var att s\u00e4lja 490 aktier ut\u00f6ver de tio aktier som \u00c5ngslupen Munters V\u00e4nner k\u00f6pt.<\/p>\n<p><a href=\"https:\/\/munter.nu\/?page_id=1428\" target=\"_blank\" rel=\"noopener\">Intern administration<\/a><\/p>\n","protected":false},"excerpt":{"rendered":"<p>\u00c5ngslupen Munter AB. Vid extra \u00e5rsm\u00f6tet i \u00c5ngslupen Munters V\u00e4nner den 7 februari 2010 beslutades enh\u00e4lligt att bilda \u00c5ngslupen Munter AB. I samband med bildandet av aktiebolaget besl\u00f6ts att tillskjuta ett belopp p\u00e5 500 000 kr i form av apportemission &hellip; <a href=\"https:\/\/munter.nu\/?page_id=42\">Forts\u00e4tt l\u00e4sa <span class=\"meta-nav\">&rarr;<\/span><\/a><\/p>\n","protected":false},"author":1,"featured_media":0,"parent":2,"menu_order":1,"comment_status":"closed","ping_status":"open","template":"","meta":{"footnotes":""},"class_list":["post-42","page","type-page","status-publish","hentry"],"_links":{"self":[{"href":"https:\/\/munter.nu\/index.php?rest_route=\/wp\/v2\/pages\/42","targetHints":{"allow":["GET"]}}],"collection":[{"href":"https:\/\/munter.nu\/index.php?rest_route=\/wp\/v2\/pages"}],"about":[{"href":"https:\/\/munter.nu\/index.php?rest_route=\/wp\/v2\/types\/page"}],"author":[{"embeddable":true,"href":"https:\/\/munter.nu\/index.php?rest_route=\/wp\/v2\/users\/1"}],"replies":[{"embeddable":true,"href":"https:\/\/munter.nu\/index.php?rest_route=%2Fwp%2Fv2%2Fcomments&post=42"}],"version-history":[{"count":21,"href":"https:\/\/munter.nu\/index.php?rest_route=\/wp\/v2\/pages\/42\/revisions"}],"predecessor-version":[{"id":4039,"href":"https:\/\/munter.nu\/index.php?rest_route=\/wp\/v2\/pages\/42\/revisions\/4039"}],"up":[{"embeddable":true,"href":"https:\/\/munter.nu\/index.php?rest_route=\/wp\/v2\/pages\/2"}],"wp:attachment":[{"href":"https:\/\/munter.nu\/index.php?rest_route=%2Fwp%2Fv2%2Fmedia&parent=42"}],"curies":[{"name":"wp","href":"https:\/\/api.w.org\/{rel}","templated":true}]}}