{"id":48,"date":"2011-02-13T12:17:05","date_gmt":"2011-02-13T12:17:05","guid":{"rendered":"http:\/\/munter.nu?page_id=48"},"modified":"2025-07-02T11:44:28","modified_gmt":"2025-07-02T09:44:28","slug":"boka-resa","status":"publish","type":"page","link":"https:\/\/munter.nu\/?page_id=48","title":{"rendered":"Boka resa"},"content":{"rendered":"\n<p><\/p>\n\n\n<h4><strong>Boka resa med \u00c5ngslupen Munter<\/strong><br \/>Munter \u00e4r nu \u00e5ter baserad i Vrena efter en tids vistelse vid Mariebergs g\u00e5rd i Yngaren<br \/>Resten av s\u00e4songen planeras turerna utg\u00e5 fr\u00e5n Pilgrimsbo i Vrena. V\u00e4lj typ av tur bland alternativen h\u00e4r nedanf\u00f6r.<\/h4>\n<h4><strong><img loading=\"lazy\" decoding=\"async\" class=\"alignnone size-full wp-image-3990\" src=\"https:\/\/munter.nu\/wp-content\/uploads\/2024\/04\/Bild-Munter-1x.jpg\" alt=\"\" width=\"225\" height=\"128\" \/><\/strong><\/h4>\n<h4>(Se <a href=\"https:\/\/munter.nu\/?page_id=564\" target=\"_blank\" rel=\"noopener noreferrer\">Hitta till Munter!<\/a>)<br \/>Ordinarie hamn \u00e4r Pilgrimsbo i Vrena<br \/>N\u00e4r vattenst\u00e5ndet nu till\u00e5ter passage upp i Yngaren startar vi turer fr\u00e5n trakten<br \/>kring B<span style=\"color: #000000;\">j\u00f6rkvik och utg\u00e5r under juni fr\u00e5n brygga vid Mariebergs S\u00e4teri.<br \/><\/span><span style=\"color: #000000;\">\u00a0<br \/><\/span>I resorna ing\u00e5r \u201d\u00e5ngb\u00e5tsfika\u201d med kaffe eller te och bulle. <br \/>Till v\u00e5ra sm\u00e5 passagerare serverar vi en flaska saft till bullen. <br \/>Egen f\u00f6rt\u00e4ring kan medtagas eller ring om ni vill ha hj\u00e4lp med ett utvidgat arrangemang.<br \/>Vi hj\u00e4lper dig utforma en of\u00f6rgl\u00f6mlig upplevelse med Munter.<br \/><strong><br \/>O.B.S !<\/strong> Ta g\u00e4rna med egen flytv\u00e4st f\u00f6r barn<\/h4>\n\n\n<script type=\"text\/javascript\">\n    window.BOKAMERA = {\n    \"configuration\": {\n        \"bookMethods\": [\n            \"contact-information\",\n            \"login\",\n            \"login-facebook\"\n        ],\n        \"bookLayout\": \"service-based\",\n        \"timesLayout\": \"month\",\n        \"listingLayout\": \"rows\",\n        \"language\": \"sv\",\n        \"topOffset\": 0,\n        \"preventAutoscroll\": false,\n        \"company\": \"895b62d9-9f65-47eb-9622-a163a3219534\",\n        \"showNextAvailableTime\": true,\n        \"hideServiceImage\": false,\n        \"showEndTimeOnTimeslots\": true,\n        \"darkTheme\": false,\n        \"translations\": []\n    }\n}\n    <\/script>\n<div id=\"bokamera-embedded\"><\/div>\n<script src=\"https:\/\/embed.bookmore.com\/v2\/embed.js\"><\/script>\n\n\n\n<p>Om du vill \u00e5ka p\u00e5 andra tider \u00e4n som finns i bokningssystemet kan du kontakta oss per telefon 070-300 86 78 eller e-post: info@munter.nu<\/p>\n\n\n\n<p><\/p>\n","protected":false},"excerpt":{"rendered":"<p>Boka resa med \u00c5ngslupen MunterMunter \u00e4r nu \u00e5ter baserad i Vrena efter en tids vistelse vid Mariebergs g\u00e5rd i YngarenResten av s\u00e4songen planeras turerna utg\u00e5 fr\u00e5n Pilgrimsbo i Vrena. V\u00e4lj typ av tur bland alternativen h\u00e4r nedanf\u00f6r. (Se Hitta till &hellip; <a href=\"https:\/\/munter.nu\/?page_id=48\">Forts\u00e4tt l\u00e4sa <span class=\"meta-nav\">&rarr;<\/span><\/a><\/p>\n","protected":false},"author":13,"featured_media":3337,"parent":0,"menu_order":5,"comment_status":"closed","ping_status":"closed","template":"","meta":{"footnotes":""},"class_list":["post-48","page","type-page","status-publish","has-post-thumbnail","hentry"],"_links":{"self":[{"href":"https:\/\/munter.nu\/index.php?rest_route=\/wp\/v2\/pages\/48","targetHints":{"allow":["GET"]}}],"collection":[{"href":"https:\/\/munter.nu\/index.php?rest_route=\/wp\/v2\/pages"}],"about":[{"href":"https:\/\/munter.nu\/index.php?rest_route=\/wp\/v2\/types\/page"}],"author":[{"embeddable":true,"href":"https:\/\/munter.nu\/index.php?rest_route=\/wp\/v2\/users\/13"}],"replies":[{"embeddable":true,"href":"https:\/\/munter.nu\/index.php?rest_route=%2Fwp%2Fv2%2Fcomments&post=48"}],"version-history":[{"count":180,"href":"https:\/\/munter.nu\/index.php?rest_route=\/wp\/v2\/pages\/48\/revisions"}],"predecessor-version":[{"id":4189,"href":"https:\/\/munter.nu\/index.php?rest_route=\/wp\/v2\/pages\/48\/revisions\/4189"}],"wp:featuredmedia":[{"embeddable":true,"href":"https:\/\/munter.nu\/index.php?rest_route=\/wp\/v2\/media\/3337"}],"wp:attachment":[{"href":"https:\/\/munter.nu\/index.php?rest_route=%2Fwp%2Fv2%2Fmedia&parent=48"}],"curies":[{"name":"wp","href":"https:\/\/api.w.org\/{rel}","templated":true}]}}