{"id":631,"date":"2011-11-21T18:55:45","date_gmt":"2011-11-21T18:55:45","guid":{"rendered":"http:\/\/munter.nu\/?page_id=631"},"modified":"2023-04-25T08:52:44","modified_gmt":"2023-04-25T08:52:44","slug":"evenemangutfarder-2011","status":"publish","type":"page","link":"https:\/\/munter.nu\/?page_id=631","title":{"rendered":"Evenemang och utf\u00e4rder"},"content":{"rendered":"<p>F\u00f6r \u00c5ngslupen Munter var sommaren 2011 ett enda stort evenemang. Sj\u00f6s\u00e4ttning, invigning,\u00a0\u00a0utf\u00e4rder p\u00e5 Hallbosj\u00f6n och uppf\u00f6r Skr\u00e4ddartorps\u00e5n lockade m\u00e5nga passagerare. S\u00e4rskilt minns vi genombrottet genom Spaljen ut i Yngaren och fortsatta f\u00e4rder mot Bj\u00f6rkvik med omnejd. H\u00e4r p\u00e5 undersidorna kan du l\u00e4sa och se bilder fr\u00e5n n\u00e5gra av sommarens lyckade utf\u00e4rder.<\/p>\n","protected":false},"excerpt":{"rendered":"<p>F\u00f6r \u00c5ngslupen Munter var sommaren 2011 ett enda stort evenemang. Sj\u00f6s\u00e4ttning, invigning,\u00a0\u00a0utf\u00e4rder p\u00e5 Hallbosj\u00f6n och uppf\u00f6r Skr\u00e4ddartorps\u00e5n lockade m\u00e5nga passagerare. S\u00e4rskilt minns vi genombrottet genom Spaljen ut i Yngaren och fortsatta f\u00e4rder mot Bj\u00f6rkvik med omnejd. H\u00e4r p\u00e5 undersidorna kan &hellip; <a href=\"https:\/\/munter.nu\/?page_id=631\">Forts\u00e4tt l\u00e4sa <span class=\"meta-nav\">&rarr;<\/span><\/a><\/p>\n","protected":false},"author":1,"featured_media":3337,"parent":20,"menu_order":7,"comment_status":"closed","ping_status":"closed","template":"","meta":{"footnotes":""},"class_list":["post-631","page","type-page","status-publish","has-post-thumbnail","hentry"],"_links":{"self":[{"href":"https:\/\/munter.nu\/index.php?rest_route=\/wp\/v2\/pages\/631","targetHints":{"allow":["GET"]}}],"collection":[{"href":"https:\/\/munter.nu\/index.php?rest_route=\/wp\/v2\/pages"}],"about":[{"href":"https:\/\/munter.nu\/index.php?rest_route=\/wp\/v2\/types\/page"}],"author":[{"embeddable":true,"href":"https:\/\/munter.nu\/index.php?rest_route=\/wp\/v2\/users\/1"}],"replies":[{"embeddable":true,"href":"https:\/\/munter.nu\/index.php?rest_route=%2Fwp%2Fv2%2Fcomments&post=631"}],"version-history":[{"count":19,"href":"https:\/\/munter.nu\/index.php?rest_route=\/wp\/v2\/pages\/631\/revisions"}],"predecessor-version":[{"id":3736,"href":"https:\/\/munter.nu\/index.php?rest_route=\/wp\/v2\/pages\/631\/revisions\/3736"}],"up":[{"embeddable":true,"href":"https:\/\/munter.nu\/index.php?rest_route=\/wp\/v2\/pages\/20"}],"wp:featuredmedia":[{"embeddable":true,"href":"https:\/\/munter.nu\/index.php?rest_route=\/wp\/v2\/media\/3337"}],"wp:attachment":[{"href":"https:\/\/munter.nu\/index.php?rest_route=%2Fwp%2Fv2%2Fmedia&parent=631"}],"curies":[{"name":"wp","href":"https:\/\/api.w.org\/{rel}","templated":true}]}}