{"id":696,"date":"2011-11-22T19:39:47","date_gmt":"2011-11-22T19:39:47","guid":{"rendered":"http:\/\/munter.nu\/?page_id=696"},"modified":"2021-03-26T15:15:20","modified_gmt":"2021-03-26T15:15:20","slug":"munter-genom-spaljen-ut-i-yngaren","status":"publish","type":"page","link":"https:\/\/munter.nu\/?page_id=696","title":{"rendered":"Munter genom Spaljen ut i Yngaren (2011)"},"content":{"rendered":"<p><img loading=\"lazy\" decoding=\"async\" class=\"alignleft size-full wp-image-537\" title=\"Munter p\u00e5 v\u00e4g genom den fruktade Spalj\u00e9n in i Yngaren\" src=\"http:\/\/media.munter.nu\/2011\/06\/Munter-genom-Spalj\u00e9n_1.jpg\" alt=\"\" width=\"600\" height=\"300\" srcset=\"https:\/\/munter.nu\/wp-content\/uploads\/2011\/06\/Munter-genom-Spalj\u00e9n_1.jpg 600w, https:\/\/munter.nu\/wp-content\/uploads\/2011\/06\/Munter-genom-Spalj\u00e9n_1-300x150.jpg 300w, https:\/\/munter.nu\/wp-content\/uploads\/2011\/06\/Munter-genom-Spalj\u00e9n_1-560x280.jpg 560w\" sizes=\"auto, (max-width: 600px) 100vw, 600px\" \/><\/p>\n<p>M\u00e5ndagen den 27 juni skedde ett historiskt genombrott f\u00f6r Munter d\u00e5 hon passerade den tr\u00e5nga f\u00f6rbindelsen ut ur Skr\u00e4ddartorps\u00e5n och in i Yngaren. Det var minst 70 \u00e5r sedan sist.<\/p>\n<p><strong>Munter inte l\u00e4ngre Hallbosj\u00f6ns f\u00e5nge<\/strong><br \/>\nMunter har sin hemmahamn i Vrena vid Hallbosj\u00f6n. Men hon skulle ha blivit den sj\u00f6ns f\u00e5nge om hon inte kunde g\u00e5 igenom den tr\u00e5nga korridoren som kallas Spalj\u00e9n och ut i Yngaren. Olyckskorpar har kraxat och sagt att det g\u00e5r inte, alltf\u00f6r m\u00e5nga stenar har rasat ner och blockerar detta str\u00f6mstrida n\u00e5ls\u00f6ga.<\/p>\n<p>Men styrelsen har hela tiden varit \u00f6vertygad om att problemet gick att l\u00f6sa. Och nu har korparna kraxat f\u00e4rdigt.<\/p>\n<p>Spalj\u00e9n <em>\u00e4r <\/em>en problematisk passage. D\u00e4r finns tre stora stenar som man m\u00e5ste se upp med samtidigt som b\u00e5ten m\u00e5ste ha god fart f\u00f6r att klara str\u00f6m och grund.<\/p>\n<p><strong>Sp\u00e4nnande sekunder med fullt tryck n\u00e4r skepparen styrde r\u00e4tt i passagen<\/strong><br \/>\nS\u00e5 det var med viss sp\u00e4nning, om \u00e4n f\u00f6rv\u00e4ntansfull, som bes\u00e4ttningen gick uppf\u00f6r Skr\u00e4ddartorps\u00e5n och n\u00e4rmade sig Spalj\u00e9n. V\u00e4dret var det allra b\u00e4sta, eldaren Arne Olander hade f\u00e5tt upp fullt tryck i \u00e5ngpannan, skepparen Hans-Christer Palmers aktiverade i minnet var de f\u00f6rr\u00e4diska stenarna l\u00e5g och nu var det bara att ta tjuren vid hornen.<br \/>\nF\u00f6rsta f\u00f6rs\u00f6ket gick inte lysande, men igenom kom hon.<\/p>\n<p>Efter ett kort varv ute p\u00e5 sj\u00f6n gick Hans-Christer medstr\u00f6ms genom Spalj\u00e9n, \u00e5ter in i Skr\u00e4ddartorps\u00e5n. Det \u00e4r sv\u00e5rare att g\u00e5 med str\u00f6mmen \u00e4n mot. Farten blir h\u00f6gre och marginalerna att man\u00f6vrera r\u00e4tt blir mindre.<\/p>\n<p><strong><a href=\"https:\/\/munter.nu\/?attachment_id=539\" rel=\"attachment wp-att-539\"><img loading=\"lazy\" decoding=\"async\" class=\"alignleft size-full wp-image-539\" title=\"Beviset! Munter p\u00e5 Yngarens vatten - i bakgrunden \u00c5ker\u00f6 Slott.\" src=\"http:\/\/media.munter.nu\/2011\/06\/Munter-p\u00e5-Yngaren.jpg\" alt=\"\" width=\"600\" height=\"300\" srcset=\"https:\/\/munter.nu\/wp-content\/uploads\/2011\/06\/Munter-p\u00e5-Yngaren.jpg 600w, https:\/\/munter.nu\/wp-content\/uploads\/2011\/06\/Munter-p\u00e5-Yngaren-300x150.jpg 300w, https:\/\/munter.nu\/wp-content\/uploads\/2011\/06\/Munter-p\u00e5-Yngaren-560x280.jpg 560w\" sizes=\"auto, (max-width: 600px) 100vw, 600px\" \/><\/a><\/strong><br \/>\nMen det gick bra. Och ett nytt f\u00f6rs\u00f6k mot str\u00f6mmen in i Yngaren gick b\u00e4ttre \u00e4n det f\u00f6rsta. Arne, som sitter nere vid \u00e5ngpannan och inte kan se hur b\u00e5ten g\u00e5r, muttrade i sk\u00e4gget, trots att han inte har n\u00e5got. Han har v\u00e5rdat och m\u00e5lat Munter och har sv\u00e5rt att f\u00f6rlika sig med att hennes skrov (av stabilt st\u00e5l) ska beh\u00f6va vidr\u00f6ra annat \u00e4n vatten. Och vid n\u00e4sta \u00e5terresa nerf\u00f6r \u00e5n fastnade Munter godmodigt p\u00e5 en av stenarna. Hon kom loss f\u00f6r egen maskin och stenarna utm\u00e4rktes med bojar.<\/p>\n<p><strong>Stenar lurar i vassen<br \/>\n<\/strong>Med grunden numera under full kontroll g\u00e5r det att h\u00e5lla en rak kurs och galant ta sig igenom den fruktade passagen mitt i str\u00f6mf\u00e5ran. Det \u00e4r facit av dagens \u00f6vningar. Det var n\u00e5gonting som m\u00e5ste genomf\u00f6ras och det \u00e4r nu gjort.<\/p>\n<p><strong>Bj\u00f6rkvik n\u00e4sta<\/strong><br \/>\nDet betyder att vi nu kan sl\u00e5 fast att Munter senare i sommar en tid kommer att operera fr\u00e5n Bj\u00f6rkvik.<\/p>\n<p>Text och bild: Peter Bratt<\/p>\n","protected":false},"excerpt":{"rendered":"<p>M\u00e5ndagen den 27 juni skedde ett historiskt genombrott f\u00f6r Munter d\u00e5 hon passerade den tr\u00e5nga f\u00f6rbindelsen ut ur Skr\u00e4ddartorps\u00e5n och in i Yngaren. Det var minst 70 \u00e5r sedan sist. Munter inte l\u00e4ngre Hallbosj\u00f6ns f\u00e5nge Munter har sin hemmahamn i &hellip; <a href=\"https:\/\/munter.nu\/?page_id=696\">Forts\u00e4tt l\u00e4sa <span class=\"meta-nav\">&rarr;<\/span><\/a><\/p>\n","protected":false},"author":1,"featured_media":0,"parent":631,"menu_order":3,"comment_status":"closed","ping_status":"closed","template":"","meta":{"footnotes":""},"class_list":["post-696","page","type-page","status-publish","hentry"],"_links":{"self":[{"href":"https:\/\/munter.nu\/index.php?rest_route=\/wp\/v2\/pages\/696","targetHints":{"allow":["GET"]}}],"collection":[{"href":"https:\/\/munter.nu\/index.php?rest_route=\/wp\/v2\/pages"}],"about":[{"href":"https:\/\/munter.nu\/index.php?rest_route=\/wp\/v2\/types\/page"}],"author":[{"embeddable":true,"href":"https:\/\/munter.nu\/index.php?rest_route=\/wp\/v2\/users\/1"}],"replies":[{"embeddable":true,"href":"https:\/\/munter.nu\/index.php?rest_route=%2Fwp%2Fv2%2Fcomments&post=696"}],"version-history":[{"count":10,"href":"https:\/\/munter.nu\/index.php?rest_route=\/wp\/v2\/pages\/696\/revisions"}],"predecessor-version":[{"id":2703,"href":"https:\/\/munter.nu\/index.php?rest_route=\/wp\/v2\/pages\/696\/revisions\/2703"}],"up":[{"embeddable":true,"href":"https:\/\/munter.nu\/index.php?rest_route=\/wp\/v2\/pages\/631"}],"wp:attachment":[{"href":"https:\/\/munter.nu\/index.php?rest_route=%2Fwp%2Fv2%2Fmedia&parent=696"}],"curies":[{"name":"wp","href":"https:\/\/api.w.org\/{rel}","templated":true}]}}