{"id":724,"date":"2012-01-19T10:00:28","date_gmt":"2012-01-19T10:00:28","guid":{"rendered":"http:\/\/munter.nu\/?page_id=724"},"modified":"2014-05-31T09:45:57","modified_gmt":"2014-05-31T09:45:57","slug":"succe-for-munter","status":"publish","type":"page","link":"https:\/\/munter.nu\/?page_id=724","title":{"rendered":"Succ\u00e9 f\u00f6r Munter hittills i sommar 2011"},"content":{"rendered":"<p><a rel=\"attachment wp-att-418\" href=\"https:\/\/munter.nu\/?attachment_id=418\"><img loading=\"lazy\" decoding=\"async\" class=\"size-full wp-image-511 alignleft\" title=\"Foto: Bj\u00f6rn J\u00e4gerstedt\" src=\"http:\/\/media.munter.nu\/2011\/06\/Munter-p\u00e5-Hallbosj\u00f6n3.jpg\" alt=\"\" width=\"200\" height=\"110\" \/><\/a><\/p>\n<p>\u00c5ngb\u00e5ten Munter som invigdes under pompa och st\u00e5t den 28 maj <a title=\"Invigningen\" href=\"https:\/\/munter.nu\/?page_id=85\">(l\u00e4s mer om invigningen)<\/a> har nu gjort ett antal turer och utflykter p\u00e5 Hallbosj\u00f6n, Skr\u00e4ddartorps\u00e5n, M\u00e4skaren och Yngaren. En vecka har turer utg\u00e5tt fr\u00e5n Bj\u00f6rkvik, n\u00e5got som varit mycket popul\u00e4rt.<\/p>\n<p>Allt har g\u00e5tt \u00f6ver f\u00f6rv\u00e4ntan och bes\u00e4ttningen, best\u00e5ende av skeppare, <img loading=\"lazy\" decoding=\"async\" class=\"size-full wp-image-509 alignleft\" title=\"Foto: Bj\u00f6rn J\u00e4gerstedt\" src=\"http:\/\/media.munter.nu\/2011\/06\/Munter-p\u00e5-Hallbosj\u00f6n.jpg\" alt=\"\" width=\"200\" height=\"180\" \/>maskinist\/eldare och matros har h\u00e5llit \u00e5ngan och hum\u00f6ret uppe.<\/p>\n<p>Turerna har varit v\u00e4ldigt uppskattade och den vackra och stundom trolska naturen har givit m\u00e5nga passagerare en of\u00f6rgl\u00f6mlig upplevelse. Fiskgjusebo, b\u00e4ver och utter, h\u00e4ger och andra f\u00e5glar har kunnat ses i n\u00e4rmilj\u00f6.<\/p>\n<p>Upplevelsen att sakta glida fram \u00f6ver vattnet och samtidigt se hur \u00e5ngmaskinen arbetar och drivs av eldningen med ved i \u00e5ngpannan har fascinerat alla.<\/p>\n<p>F\u00f6rt\u00e4ring i form av bulle, landg\u00e5ng eller plockmat och Munterdricka har varit mycket uppskattad.<\/p>\n<p>Munter kommer nu att forts\u00e4tta med sina turer in i september. Den andra och tredje veckan i augusti utg\u00e5r Munter fr\u00e5n Bj\u00f6rkvik och ligger d\u00e4r \u00f6ver Bj\u00f6rkviksdagarna 20- 21 augusti.<\/p>\n<p>Ta chansen att f\u00e5 uppleva n\u00e5got ut\u00f6ver det vanliga och boka en tur! <a href=\"https:\/\/munter.nu\/?page_id=48\">(Turer &#8211; Boka resa!)<br \/>\n<\/a><\/p>\n","protected":false},"excerpt":{"rendered":"<p>\u00c5ngb\u00e5ten Munter som invigdes under pompa och st\u00e5t den 28 maj (l\u00e4s mer om invigningen) har nu gjort ett antal turer och utflykter p\u00e5 Hallbosj\u00f6n, Skr\u00e4ddartorps\u00e5n, M\u00e4skaren och Yngaren. En vecka har turer utg\u00e5tt fr\u00e5n Bj\u00f6rkvik, n\u00e5got som varit mycket &hellip; <a href=\"https:\/\/munter.nu\/?page_id=724\">Forts\u00e4tt l\u00e4sa <span class=\"meta-nav\">&rarr;<\/span><\/a><\/p>\n","protected":false},"author":1,"featured_media":0,"parent":631,"menu_order":2,"comment_status":"closed","ping_status":"closed","template":"","meta":{"footnotes":""},"class_list":["post-724","page","type-page","status-publish","hentry"],"_links":{"self":[{"href":"https:\/\/munter.nu\/index.php?rest_route=\/wp\/v2\/pages\/724","targetHints":{"allow":["GET"]}}],"collection":[{"href":"https:\/\/munter.nu\/index.php?rest_route=\/wp\/v2\/pages"}],"about":[{"href":"https:\/\/munter.nu\/index.php?rest_route=\/wp\/v2\/types\/page"}],"author":[{"embeddable":true,"href":"https:\/\/munter.nu\/index.php?rest_route=\/wp\/v2\/users\/1"}],"replies":[{"embeddable":true,"href":"https:\/\/munter.nu\/index.php?rest_route=%2Fwp%2Fv2%2Fcomments&post=724"}],"version-history":[{"count":18,"href":"https:\/\/munter.nu\/index.php?rest_route=\/wp\/v2\/pages\/724\/revisions"}],"predecessor-version":[{"id":1186,"href":"https:\/\/munter.nu\/index.php?rest_route=\/wp\/v2\/pages\/724\/revisions\/1186"}],"up":[{"embeddable":true,"href":"https:\/\/munter.nu\/index.php?rest_route=\/wp\/v2\/pages\/631"}],"wp:attachment":[{"href":"https:\/\/munter.nu\/index.php?rest_route=%2Fwp%2Fv2%2Fmedia&parent=724"}],"curies":[{"name":"wp","href":"https:\/\/api.w.org\/{rel}","templated":true}]}}